
2
Let g(n) = -4*n + 8. Determine g(17).
-60
Let z(v) = -4*v - 21. Calculate z(-12).
27
Let z(j) = j**3 - 27*j**2 + 50*j - 3. Give z(25).
-3
Let c(l) = l - 32. Calculate c(6).
-26
Let i(s) = -s**3 - 11*s**2 + 23*s - 34. Calculate i(-13).
5
Let g(l) = -l**2 + 4*l - 2. Determine g(8).
-34
Let c(g) = 2*g**2 - 9*g - 24. Calculate c(-4).
44
Let n(i) = -3*i**2 - 24*i - 30. Give n(-5).
15
Let m(k) = 26*k - 7. Determine m(4).
97
Let z(l) = -l - 23. Calculate z(-31).
8
Let b(t) = -t**2 + 8*t - 4. Determine b(6).
8
Let f(k) = k**3 + 11*k**2 - k + 9. Calculate f(-11).
20
Let q(f) = -4*f**2 - 2*f + 1. What is q(2)?
-19
Let d(v) = v**2 + 18*v - 6. Determine d(-18).
-6
Let i(l) = 32*l - 56. Determine i(2).
8
Let j(x) = 2*x**2 - 2*x + 1. Determine j(-3).
25
Let t(d) = -d**2 - 13*d - 18. Calculate t(-11).
4
Let z(o) = o + 9. Give z(-10).
-1
Let b(r) = r - 27. Determine b(-26).
-53
Let d(u) = u**2 - 11*u - 42. Give d(-6).
60
Let c(j) = -4*j + 52. Determine c(14).
-4
Let h(v) = -2*v**2 + 1. Determine h(1).
-1
Let u(q) = q**2 + q + 13. Determine u(0).
13
Let l(x) = -x**3 - 6*x**2 - 5*x - 22. Determine l(-6).
8
Let n(f) = -10*f**3 + f**2 - f - 2. Give n(-1).
10
Let f(v) = 7*v - 17. Give f(-8).
-73
Let q(b) = -2*b + 1. What is q(-6)?
13
Let l(g) = 5*g + 3. What is l(4)?
23
Let l(k) = -k**3 + 12*k**2 - 12*k + 7. Determine l(11).
-4
Let w(n) = -n**3 + 3*n**2 + 53*n + 5. Calculate w(9).
-4
Let k(b) = -7*b**2 - 45*b - 13. Determine k(-7).
-41
Let s(a) = a**2 - 7*a + 4. Determine s(10).
34
Let f(d) = d**3 + 3*d**2 - 4*d - 6. Calculate f(-4).
-6
Let s(b) = b**3 - 3*b**2 - 12*b - 32. Calculate s(6).
4
Let a(g) = -10*g - 209. What is a(-23)?
21
Let n(m) = -m**2 - 3*m + 490. Calculate n(-23).
30
Let g(v) = -v**3 - 8*v**2 - 9*v - 7. Calculate g(-7).
7
Let g(c) = c**2 + 6*c + 11. Determine g(-6).
11
Let s(g) = -g + 1. What is s(-1)?
2
Let z(k) = -k**2 + 9*k + 1. Calculate z(8).
9
Let n(b) = b**2 - 22*b + 7. Calculate n(6).
-89
Let l(o) = 144*o - 2448. Determine l(17).
0
Let h(q) = 30*q + 260. Calculate h(-9).
-10
Let j(a) = -2*a**3 - 40*a**2 - a - 23. Calculate j(-20).
-3
Let s(d) = 2*d**2 - 6*d + 5. Determine s(4).
13
Let u(n) = -35*n + 1. What is u(-1)?
36
Let w(v) = v**3 - 7*v**2 - 6*v - 3. Give w(8).
13
Let x(p) = -p**2 - 15*p + 30. Calculate x(2).
-4
Let c(y) = -11*y - 49. What is c(-6)?
17
Let z(q) = 5*q - 15. Calculate z(18).
75
Let r(b) = -b + 29. Give r(14).
15
Let a(k) = -10*k**2 - 9*k + 3. What is a(-2)?
-19
Let i(n) = -n**2 + 4*n + 2. Give i(5).
-3
Let b(w) = -14*w**2 + 167*w + 20. Calculate b(12).
8
Let n(j) = j**3 - 8*j**2 + 10*j + 26. Give n(6).
14
Let z(o) = -3*o - 11. Determine z(-3).
-2
Let n(u) = u + 2. What is n(7)?
9
Let b(i) = i**2 - 4*i - 102. What is b(12)?
-6
Let s(n) = -n**2 + 9*n - 6. What is s(4)?
14
Let p(f) = f**2 - 10*f - 7. What is p(9)?
-16
Let n(r) = -r**2 - 2*r - 1. Calculate n(-1).
0
Let q(h) = h**2 + 9*h - 55. Give q(-15).
35
Let o(i) = i**2 - 3*i - 8. Give o(6).
10
Let h(s) = 2*s - 6. Determine h(-6).
-18
Let z(j) = -j**3 + 14*j**2 - 2*j - 14. What is z(13)?
129
Let z(o) = 4*o**2 + 2*o + 1. Give z(2).
21
Let t(j) = 2*j**2 + 26*j + 74. Calculate t(-3).
14
Let g(k) = -22*k - 116. What is g(-5)?
-6
Let w(g) = -11*g + 122. Calculate w(10).
12
Let a(t) = t**3 - 2*t**2 + 4*t - 1. Determine a(2).
7
Let r(m) = -5*m - 14. Calculate r(-4).
6
Let n(j) = 9*j**3 - 4*j**2 - 2*j + 1. Calculate n(-2).
-83
Let f(i) = 11*i + 52. Give f(-16).
-124
Let b(u) = u - 53. Give b(15).
-38
Let a(w) = 3*w**2 - 6*w + 2. Determine a(3).
11
Let c(t) = -t**3 - 36*t**2 + 159*t + 5. Determine c(4).
1
Let j(r) = 3*r**3 + 21*r**2 + 15*r + 1. Calculate j(-6).
19
Let m(o) = -o**3 - o. Calculate m(3).
-30
Let d(j) = 11*j**3 - j**2 - j. What is d(-1)?
-11
Let v(s) = s**3 - 6*s**2 + 3*s + 11. Calculate v(5).
1
Let a(d) = -d**2 + 13*d + 24. Calculate a(15).
-6
Let j(u) = 2*u**3 - 89*u**2 + 45*u - 52. What is j(44)?
-8
Let f(c) = 20*c**3 + c. Calculate f(-1).
-21
Let d(t) = -t**3 + 3*t + 2. Calculate d(3).
-16
Let h(w) = -2*w**3 + 6*w**2 - 3*w - 3. Give h(4).
-47
Let a(n) = -n**3 + 15*n**2 + 13*n + 29. Determine a(16).
-19
Let s(c) = -2*c**3 + 6*c**2 + 3*c + 2. Give s(3).
11
Let k(h) = 2*h**3 - 4*h**2 + 3*h + 4. Give k(2).
10
Let d(s) = -5*s - 36. Give d(-7).
-1
Let o(l) = l**3 - 6*l - 3. Determine o(-2).
1
Let t(j) = 33*j + 8. Determine t(-1).
-25
Let h(z) = z**3 - 2*z**2 - 2*z - 6. What is h(4)?
18
Let a(t) = -8*t - 6. What is a(-4)?
26
Let z(l) = 7*l**2 + 63*l - 7. Give z(-9).
-7
Let z(l) = l**2 - 4*l - 39. Determine z(-6).
21
Let h(p) = -p**3 - 5*p**2 + 3*p - 3. What is h(-6)?
15
Let n(i) = i**2 - 9*i + 24. Give n(10).
34
Let f(v) = -v**3 - 15*v**2 + 18*v + 29. Determine f(-16).
-3
Let h(s) = -17*s - 47. Determine h(-3).
4
Let k(b) = 2*b + 62. Give k(-20).
22
Let i(n) = 6*n + 152. Calculate i(-23).
14
Let y(w) = w**3 - 14*w**2 + 2*w - 22. Calculate y(14).
6
Let u(r) = -3*r - 17. Calculate u(-13).
22
Let o(m) = -m**3 - 2*m**2 - 2*m + 2. What is o(3)?
-49
Let t(r) = 2*r**3 - 12*r**2 + r - 4. What is t(6)?
2
Let w(a) = -2*a**2 - 55*a - 263. Determine w(-6).
-5
Let h(r) = r**2 - 30*r - 70. What is h(32)?
-6
Let v(k) = k**2 - 18*k - 8. Give v(19).
11
Let g(n) = -n**3 - 23*n**2 + 51*n + 16. Give g(-25).
-9
Let h(g) = g**3 + 13*g**2 - 5*g - 210. Calculate h(-12).
-6
Let b(j) = -6*j + 16. Give b(3).
-2
Let i(r) = r**3 + 22*r**2 - 54. Calculate i(-22).
-54
Let p(u) = 15*u - 64. Calculate p(4).
-4
Let j(x) = -x - 28. Determine j(-20).
-8
Let q(b) = b**2 + 5*b + 1. What is q(-1)?
-3
Let b(x) = -3*x - 11. Give b(-11).
22
Let k(b) = 3*b + 10. Calculate k(-4).
-2
Let o(p) = -p**3 - 5*p**2 - 5*p - 5. Give o(-4).
-1
Let k(m) = -7*m**2 + 327*m + 110. Give k(47).
16
Let y(u) = u**3 + 4*u**2 - 3*u + 7. Calculate y(-5).
-3
Let z(w) = 18*w - 109. What is z(5)?
-19
Let t(s) = -2*s**2 + 16*s + 7. Determine t(9).
-11
Let c(r) = -6*r**2 - 3*r - 1. What is c(-2)?
-19
Let n(y) = -y**3 + 8*y**2 - 7*y - 6. What is n(7)?
-6
Let a(o) = 3*o + 62. Give a(-32).
-34
Let f(j) = -3*j - 42. Calculate f(-15).
3
Let t(m) = -4*m**2 + 16*m + 6. What is t(4)?
6
Let k(t) = -12*t - 5. Calculate k(2).
-29
Let m(v) = v**3 + 86*v**2 - 166*v + 876. Determine m(-88).
-4
Let u(q) = 4*q - 70. Determine u(18).
2
Let i(w) = -2*w**2 + 40*w - 130. Calculate i(16).
-2
Let d(c) = -c**3 - 5*c**2 - c + 13. Give d(-4).
1
Let n(a) = -a**2 + 3*a + 3. What is n(6)?
-15
Let a(p) = -p - 8. What is a(-8)?
0
Let z(s) = -s**3 - 9*s**2 - 7*s + 12. What is z(-8)?
4
Let g(w) = -12*w**2 - 5*w - 7. Calculate g(-2).
-45
Let n(c) = -c**2 + 5*c + 3. Calculate n(8).
-21
Let o(u) = u**3 - 10*u**2 - 20*u - 12. Calculate o(12).
36
Let c(h) = 6*h + 12. Determine c(-5).
-18
Let z(n) = -3*n - 23. Determine z(-7).
-2
Let p(x) = -x**3 + 16*x**2 - 14*x. Calculate p(15).
15
Let k(q) = 3*q + 31. Calculate k(7).
52
Let j(b) = b**3 - 4*b**2 - b - 11. What is j(5)?
9
Let j(v) = -v**2 - 12*v + 29. Calculate j(-16).
-35
Let z(m) = -m**3 - 13*m**2 - 14*m - 12. Give z(-12).
12
Let o(z) = -z**2 - 21*z - 57. Determine o(-3).
-3
Let r(j) = 2*j**3 - 5*j**2 - 5*j - 6. Give r(5).
94
Let z(m) = 5*m**2 - 2*m. Calculate z(1).
3
Let i(r) = -8*r + 44. Calculate i(6).
-4
Let b(w) = -17*w + 13. What is b(-4)?
81
Let o(v) = -v**2 + 23*v - 72. Give o(20).
-12
Let g(u) = -2*u + 38. What is g(16)?
6
Let a(x) = -x - 61. Calculate a(12).
-73
Let o(r) = -8*r + 29. Calculate o(4).
-3
Let u(k) = -6*k - 64. What is u(-11)?
2
Let d(w) = -22*w - 13. Calculate d(0).
-13
Let g(r) = 9*r - 12. What is g(3)?
15
Let o(g) = -g**2 + 8*g - 3. Determine o(7).
4
Let z(n) = 2*n**3 + 29*n**2 - 20*n - 71. Calculate z(-15).
4
Let y(k) = 11*k**2 - k + 1. Determine y(-1).
13
Let k(d) = -d**3 - 9*d**2 + 9*d - 2. Determine k(-10).
8
Let v(n) = n**3 + 48*n**2 - 102*n - 95. Calculate v(-50).
5
Let j(s) = s**3 - s**2 - 2*s + 74. Give j(0).
74
Let w(z) = -z**2 - 5*z + 34. Give w(-8).
10
Let m(d) = 21*d**2 - 24*d + 23. Give m(1).
20
Let a(c) = -c**2 - 6*c - 3. Determine a(-6).
-3
Let u(f) = 9*f + 25. What is u(-3)?
-2
Let p(d) = -2*d**2 + 3*d - 6. Determine p(4).
-26
Let m(t) = 2*t**3 + t**2 + 2*t + 12. Give m(0).
12
Let v(f) = 2*f**3 - 14*f**2 - f + 9. Give v(7).
2
Let m(j) = -j - 16. Give m(-14).
-2
Let s(w) = 3*w + 5. Give s(-10).
-25
Let y(a) = -26*a - 1392. Determine y(-54).
12
Let r(g) = 2*g**3 - 24*g**2 + 